{"id":40,"date":"2023-11-19T09:08:44","date_gmt":"2023-11-19T09:08:44","guid":{"rendered":"https:\/\/vereinmiko.ch\/?page_id=40"},"modified":"2025-12-27T18:51:16","modified_gmt":"2025-12-27T18:51:16","slug":"impressum","status":"publish","type":"page","link":"https:\/\/vereinmiko.ch\/?page_id=40","title":{"rendered":"Impressum und Kontaktm\u00f6glichkeit"},"content":{"rendered":"\n<p><strong>Adresse:<\/strong><br>Verein Miko<br>Baslerstrasse 315<br>4123 Allschwil<\/p>\n\n\n\n<p><strong>E-Mail:<\/strong><br>info@vereinmiko.ch<\/p>\n\n\n\n<p><strong>Vereinspr\u00e4sidentin:<\/strong><br>Biljana Grasarevic<br><img decoding=\"async\" style=\"width: 150px;\" src=\"https:\/\/vereinmiko.ch\/wp-content\/uploads\/2023\/11\/22d54a7c-4a9b-4613-96c0-2f190465ee2b.jpg\" alt=\"\"><\/p>\n\n\n\n<hr class=\"wp-block-separator has-alpha-channel-opacity\"\/>\n\n\n\n<p><strong>M\u00f6chten Sie eine Spende t\u00e4tigen?<\/strong><br>Alle Spenden werden 1:1 gem\u00e4ss den Vereinszielen eingesetzt. Alle Beteiligten arbeiten ehrenamtlich. Es werden derzeit auch keine Spesen ausgerichtet.<\/p>\n\n\n\n<p><b>Kontonummer (Postfinance):<\/b><br>CH2609000000162766357<\/p>\n\n\n\n<p>Inhaber: Verein Miko, Baslerstrasse 315, 4123 Allschwil, Schweiz<\/p>\n\n\n\n<p>Oder via <strong>Twint<\/strong>:<\/p>\n\n\n<div class=\"wp-block-image wp-block-image aligncenter\">\n<figure ><a href=\"https:\/\/go.twint.ch\/1\/e\/tw?tw=acq.6OP6aaKkQH-g4bJ8vxNQ0SneiVe6v1GOjOqCSuEjDjZoooG9FPTTsa1PoF6WZrGN.\" target=\"_blank\" rel=\"noreferrer noopener\"><img decoding=\"async\" src=\"https:\/\/go.twint.ch\/static\/img\/button_dark_en.svg\" alt=\"Embedded TWINT button\"\/><\/a><\/figure>\n<\/div>\n\n\n<hr class=\"wp-block-separator has-alpha-channel-opacity\"\/>\n\n\n\n<p><strong>Kontaktformular:<\/strong><br>\n<div class=\"wpcf7 no-js\" id=\"wpcf7-f4-o1\" lang=\"de-CH\" dir=\"ltr\" data-wpcf7-id=\"4\">\n<div class=\"screen-reader-response\"><p role=\"status\" aria-live=\"polite\" aria-atomic=\"true\"><\/p> <ul><\/ul><\/div>\n<form action=\"\/index.php?rest_route=%2Fwp%2Fv2%2Fpages%2F40#wpcf7-f4-o1\" method=\"post\" class=\"wpcf7-form init\" aria-label=\"Contact form\" novalidate=\"novalidate\" data-status=\"init\">\n<fieldset class=\"hidden-fields-container\"><input type=\"hidden\" name=\"_wpcf7\" value=\"4\" \/><input type=\"hidden\" name=\"_wpcf7_version\" value=\"6.1.4\" \/><input type=\"hidden\" name=\"_wpcf7_locale\" value=\"de_CH\" \/><input type=\"hidden\" name=\"_wpcf7_unit_tag\" value=\"wpcf7-f4-o1\" \/><input type=\"hidden\" name=\"_wpcf7_container_post\" value=\"0\" \/><input type=\"hidden\" name=\"_wpcf7_posted_data_hash\" value=\"\" \/>\n<\/fieldset>\n<p><label> Ihr Name<br \/>\n<span class=\"wpcf7-form-control-wrap\" data-name=\"your-name\"><input size=\"40\" maxlength=\"400\" class=\"wpcf7-form-control wpcf7-text wpcf7-validates-as-required\" autocomplete=\"name\" aria-required=\"true\" aria-invalid=\"false\" value=\"\" type=\"text\" name=\"your-name\" \/><\/span> <\/label>\n<\/p>\n<p><label> Ihre E-Mail-Adresse<br \/>\n<span class=\"wpcf7-form-control-wrap\" data-name=\"your-email\"><input size=\"40\" maxlength=\"400\" class=\"wpcf7-form-control wpcf7-email wpcf7-validates-as-required wpcf7-text wpcf7-validates-as-email\" autocomplete=\"email\" aria-required=\"true\" aria-invalid=\"false\" value=\"\" type=\"email\" name=\"your-email\" \/><\/span> <\/label>\n<\/p>\n<p><label> Betreff<br \/>\n<span class=\"wpcf7-form-control-wrap\" data-name=\"your-subject\"><input size=\"40\" maxlength=\"400\" class=\"wpcf7-form-control wpcf7-text wpcf7-validates-as-required\" aria-required=\"true\" aria-invalid=\"false\" value=\"\" type=\"text\" name=\"your-subject\" \/><\/span> <\/label>\n<\/p>\n<p><label> Ihre Nachricht<br \/>\n<span class=\"wpcf7-form-control-wrap\" data-name=\"your-message\"><textarea cols=\"40\" rows=\"10\" maxlength=\"2000\" class=\"wpcf7-form-control wpcf7-textarea wpcf7-validates-as-required\" aria-required=\"true\" aria-invalid=\"false\" name=\"your-message\"><\/textarea><\/span> <\/label>\n<\/p>\n<p><input class=\"wpcf7-form-control wpcf7-submit has-spinner\" type=\"submit\" value=\"Submit\" \/>\n<\/p><div class=\"wpcf7-response-output\" aria-hidden=\"true\"><\/div>\n<\/form>\n<\/div>\n<\/p>\n\n\n\n<p><\/p>\n","protected":false},"excerpt":{"rendered":"<p>Adresse:Verein MikoBaslerstrasse 3154123 Allschwil E-Mail:info@vereinmiko.ch Vereinspr\u00e4sidentin:Biljana Grasarevic M\u00f6chten Sie eine Spende t\u00e4tigen?Alle Spenden werden 1:1 gem\u00e4ss den Vereinszielen eingesetzt. Alle Beteiligten arbeiten ehrenamtlich. Es werden derzeit auch keine Spesen ausgerichtet. Kontonummer (Postfinance):CH2609000000162766357 Inhaber: Verein Miko, Baslerstrasse 315, 4123 Allschwil, Schweiz Oder via Twint: Kontaktformular:<\/p>\n","protected":false},"author":1,"featured_media":0,"parent":0,"menu_order":0,"comment_status":"closed","ping_status":"closed","template":"","meta":{"footnotes":""},"class_list":["post-40","page","type-page","status-publish"],"yoast_head":"<!-- This site is optimized with the Yoast SEO plugin v27.2 - https:\/\/yoast.com\/product\/yoast-seo-wordpress\/ -->\n<title>Impressum und Kontaktm\u00f6glichkeit - Verein &quot;Miko&quot;<\/title>\n<meta name=\"robots\" content=\"index, follow, max-snippet:-1, max-image-preview:large, max-video-preview:-1\" \/>\n<link rel=\"canonical\" href=\"https:\/\/vereinmiko.ch\/?page_id=40\" \/>\n<meta property=\"og:locale\" content=\"de_DE\" \/>\n<meta property=\"og:type\" content=\"article\" \/>\n<meta property=\"og:title\" content=\"Impressum und Kontaktm\u00f6glichkeit - Verein &quot;Miko&quot;\" \/>\n<meta property=\"og:description\" content=\"Adresse:Verein MikoBaslerstrasse 3154123 Allschwil E-Mail:info@vereinmiko.ch Vereinspr\u00e4sidentin:Biljana Grasarevic M\u00f6chten Sie eine Spende t\u00e4tigen?Alle Spenden werden 1:1 gem\u00e4ss den Vereinszielen eingesetzt. Alle Beteiligten arbeiten ehrenamtlich. Es werden derzeit auch keine Spesen ausgerichtet. Kontonummer (Postfinance):CH2609000000162766357 Inhaber: Verein Miko, Baslerstrasse 315, 4123 Allschwil, Schweiz Oder via Twint: Kontaktformular:\" \/>\n<meta property=\"og:url\" content=\"https:\/\/vereinmiko.ch\/?page_id=40\" \/>\n<meta property=\"og:site_name\" content=\"Verein &quot;Miko&quot;\" \/>\n<meta property=\"article:modified_time\" content=\"2025-12-27T18:51:16+00:00\" \/>\n<meta property=\"og:image\" content=\"https:\/\/vereinmiko.ch\/wp-content\/uploads\/2023\/11\/22d54a7c-4a9b-4613-96c0-2f190465ee2b.jpg\" \/>\n<meta name=\"twitter:card\" content=\"summary_large_image\" \/>\n<meta name=\"twitter:label1\" content=\"Gesch\u00e4tzte Lesezeit\" \/>\n\t<meta name=\"twitter:data1\" content=\"1\u00a0Minute\" \/>\n<script type=\"application\/ld+json\" class=\"yoast-schema-graph\">{\"@context\":\"https:\/\/schema.org\",\"@graph\":[{\"@type\":\"WebPage\",\"@id\":\"https:\/\/vereinmiko.ch\/?page_id=40\",\"url\":\"https:\/\/vereinmiko.ch\/?page_id=40\",\"name\":\"Impressum und Kontaktm\u00f6glichkeit - Verein &quot;Miko&quot;\",\"isPartOf\":{\"@id\":\"https:\/\/vereinmiko.ch\/#website\"},\"primaryImageOfPage\":{\"@id\":\"https:\/\/vereinmiko.ch\/?page_id=40#primaryimage\"},\"image\":{\"@id\":\"https:\/\/vereinmiko.ch\/?page_id=40#primaryimage\"},\"thumbnailUrl\":\"https:\/\/vereinmiko.ch\/wp-content\/uploads\/2023\/11\/22d54a7c-4a9b-4613-96c0-2f190465ee2b.jpg\",\"datePublished\":\"2023-11-19T09:08:44+00:00\",\"dateModified\":\"2025-12-27T18:51:16+00:00\",\"breadcrumb\":{\"@id\":\"https:\/\/vereinmiko.ch\/?page_id=40#breadcrumb\"},\"inLanguage\":\"de-CH\",\"potentialAction\":[{\"@type\":\"ReadAction\",\"target\":[\"https:\/\/vereinmiko.ch\/?page_id=40\"]}]},{\"@type\":\"ImageObject\",\"inLanguage\":\"de-CH\",\"@id\":\"https:\/\/vereinmiko.ch\/?page_id=40#primaryimage\",\"url\":\"https:\/\/vereinmiko.ch\/wp-content\/uploads\/2023\/11\/22d54a7c-4a9b-4613-96c0-2f190465ee2b.jpg\",\"contentUrl\":\"https:\/\/vereinmiko.ch\/wp-content\/uploads\/2023\/11\/22d54a7c-4a9b-4613-96c0-2f190465ee2b.jpg\",\"width\":1064,\"height\":1280},{\"@type\":\"BreadcrumbList\",\"@id\":\"https:\/\/vereinmiko.ch\/?page_id=40#breadcrumb\",\"itemListElement\":[{\"@type\":\"ListItem\",\"position\":1,\"name\":\"Home\",\"item\":\"https:\/\/vereinmiko.ch\/\"},{\"@type\":\"ListItem\",\"position\":2,\"name\":\"Impressum und Kontaktm\u00f6glichkeit\"}]},{\"@type\":\"WebSite\",\"@id\":\"https:\/\/vereinmiko.ch\/#website\",\"url\":\"https:\/\/vereinmiko.ch\/\",\"name\":\"Verein &quot;Miko&quot;\",\"description\":\"\",\"publisher\":{\"@id\":\"https:\/\/vereinmiko.ch\/#organization\"},\"potentialAction\":[{\"@type\":\"SearchAction\",\"target\":{\"@type\":\"EntryPoint\",\"urlTemplate\":\"https:\/\/vereinmiko.ch\/?s={search_term_string}\"},\"query-input\":{\"@type\":\"PropertyValueSpecification\",\"valueRequired\":true,\"valueName\":\"search_term_string\"}}],\"inLanguage\":\"de-CH\"},{\"@type\":\"Organization\",\"@id\":\"https:\/\/vereinmiko.ch\/#organization\",\"name\":\"Verein &quot;Miko&quot;\",\"url\":\"https:\/\/vereinmiko.ch\/\",\"logo\":{\"@type\":\"ImageObject\",\"inLanguage\":\"de-CH\",\"@id\":\"https:\/\/vereinmiko.ch\/#\/schema\/logo\/image\/\",\"url\":\"https:\/\/vereinmiko.ch\/wp-content\/uploads\/2023\/01\/cropped-logo-verein-miko.jpg\",\"contentUrl\":\"https:\/\/vereinmiko.ch\/wp-content\/uploads\/2023\/01\/cropped-logo-verein-miko.jpg\",\"width\":1086,\"height\":579,\"caption\":\"Verein &quot;Miko&quot;\"},\"image\":{\"@id\":\"https:\/\/vereinmiko.ch\/#\/schema\/logo\/image\/\"}}]}<\/script>\n<!-- \/ Yoast SEO plugin. -->","yoast_head_json":{"title":"Impressum und Kontaktm\u00f6glichkeit - Verein &quot;Miko&quot;","robots":{"index":"index","follow":"follow","max-snippet":"max-snippet:-1","max-image-preview":"max-image-preview:large","max-video-preview":"max-video-preview:-1"},"canonical":"https:\/\/vereinmiko.ch\/?page_id=40","og_locale":"de_DE","og_type":"article","og_title":"Impressum und Kontaktm\u00f6glichkeit - Verein &quot;Miko&quot;","og_description":"Adresse:Verein MikoBaslerstrasse 3154123 Allschwil E-Mail:info@vereinmiko.ch Vereinspr\u00e4sidentin:Biljana Grasarevic M\u00f6chten Sie eine Spende t\u00e4tigen?Alle Spenden werden 1:1 gem\u00e4ss den Vereinszielen eingesetzt. Alle Beteiligten arbeiten ehrenamtlich. Es werden derzeit auch keine Spesen ausgerichtet. Kontonummer (Postfinance):CH2609000000162766357 Inhaber: Verein Miko, Baslerstrasse 315, 4123 Allschwil, Schweiz Oder via Twint: Kontaktformular:","og_url":"https:\/\/vereinmiko.ch\/?page_id=40","og_site_name":"Verein &quot;Miko&quot;","article_modified_time":"2025-12-27T18:51:16+00:00","og_image":[{"url":"https:\/\/vereinmiko.ch\/wp-content\/uploads\/2023\/11\/22d54a7c-4a9b-4613-96c0-2f190465ee2b.jpg","type":"","width":"","height":""}],"twitter_card":"summary_large_image","twitter_misc":{"Gesch\u00e4tzte Lesezeit":"1\u00a0Minute"},"schema":{"@context":"https:\/\/schema.org","@graph":[{"@type":"WebPage","@id":"https:\/\/vereinmiko.ch\/?page_id=40","url":"https:\/\/vereinmiko.ch\/?page_id=40","name":"Impressum und Kontaktm\u00f6glichkeit - Verein &quot;Miko&quot;","isPartOf":{"@id":"https:\/\/vereinmiko.ch\/#website"},"primaryImageOfPage":{"@id":"https:\/\/vereinmiko.ch\/?page_id=40#primaryimage"},"image":{"@id":"https:\/\/vereinmiko.ch\/?page_id=40#primaryimage"},"thumbnailUrl":"https:\/\/vereinmiko.ch\/wp-content\/uploads\/2023\/11\/22d54a7c-4a9b-4613-96c0-2f190465ee2b.jpg","datePublished":"2023-11-19T09:08:44+00:00","dateModified":"2025-12-27T18:51:16+00:00","breadcrumb":{"@id":"https:\/\/vereinmiko.ch\/?page_id=40#breadcrumb"},"inLanguage":"de-CH","potentialAction":[{"@type":"ReadAction","target":["https:\/\/vereinmiko.ch\/?page_id=40"]}]},{"@type":"ImageObject","inLanguage":"de-CH","@id":"https:\/\/vereinmiko.ch\/?page_id=40#primaryimage","url":"https:\/\/vereinmiko.ch\/wp-content\/uploads\/2023\/11\/22d54a7c-4a9b-4613-96c0-2f190465ee2b.jpg","contentUrl":"https:\/\/vereinmiko.ch\/wp-content\/uploads\/2023\/11\/22d54a7c-4a9b-4613-96c0-2f190465ee2b.jpg","width":1064,"height":1280},{"@type":"BreadcrumbList","@id":"https:\/\/vereinmiko.ch\/?page_id=40#breadcrumb","itemListElement":[{"@type":"ListItem","position":1,"name":"Home","item":"https:\/\/vereinmiko.ch\/"},{"@type":"ListItem","position":2,"name":"Impressum und Kontaktm\u00f6glichkeit"}]},{"@type":"WebSite","@id":"https:\/\/vereinmiko.ch\/#website","url":"https:\/\/vereinmiko.ch\/","name":"Verein &quot;Miko&quot;","description":"","publisher":{"@id":"https:\/\/vereinmiko.ch\/#organization"},"potentialAction":[{"@type":"SearchAction","target":{"@type":"EntryPoint","urlTemplate":"https:\/\/vereinmiko.ch\/?s={search_term_string}"},"query-input":{"@type":"PropertyValueSpecification","valueRequired":true,"valueName":"search_term_string"}}],"inLanguage":"de-CH"},{"@type":"Organization","@id":"https:\/\/vereinmiko.ch\/#organization","name":"Verein &quot;Miko&quot;","url":"https:\/\/vereinmiko.ch\/","logo":{"@type":"ImageObject","inLanguage":"de-CH","@id":"https:\/\/vereinmiko.ch\/#\/schema\/logo\/image\/","url":"https:\/\/vereinmiko.ch\/wp-content\/uploads\/2023\/01\/cropped-logo-verein-miko.jpg","contentUrl":"https:\/\/vereinmiko.ch\/wp-content\/uploads\/2023\/01\/cropped-logo-verein-miko.jpg","width":1086,"height":579,"caption":"Verein &quot;Miko&quot;"},"image":{"@id":"https:\/\/vereinmiko.ch\/#\/schema\/logo\/image\/"}}]}},"jetpack_sharing_enabled":true,"_links":{"self":[{"href":"https:\/\/vereinmiko.ch\/index.php?rest_route=\/wp\/v2\/pages\/40","targetHints":{"allow":["GET"]}}],"collection":[{"href":"https:\/\/vereinmiko.ch\/index.php?rest_route=\/wp\/v2\/pages"}],"about":[{"href":"https:\/\/vereinmiko.ch\/index.php?rest_route=\/wp\/v2\/types\/page"}],"author":[{"embeddable":true,"href":"https:\/\/vereinmiko.ch\/index.php?rest_route=\/wp\/v2\/users\/1"}],"replies":[{"embeddable":true,"href":"https:\/\/vereinmiko.ch\/index.php?rest_route=%2Fwp%2Fv2%2Fcomments&post=40"}],"version-history":[{"count":12,"href":"https:\/\/vereinmiko.ch\/index.php?rest_route=\/wp\/v2\/pages\/40\/revisions"}],"predecessor-version":[{"id":107,"href":"https:\/\/vereinmiko.ch\/index.php?rest_route=\/wp\/v2\/pages\/40\/revisions\/107"}],"wp:attachment":[{"href":"https:\/\/vereinmiko.ch\/index.php?rest_route=%2Fwp%2Fv2%2Fmedia&parent=40"}],"curies":[{"name":"wp","href":"https:\/\/api.w.org\/{rel}","templated":true}]}}